at are the prime factors of 919?
919
List the prime factors of 457.
457
What are the prime factors of 21429?
3, 2381
What are the prime factors of 134859?
3, 44953
List the prime factors of 290.
2, 5, 29
What are the prime factors of 3822?
2, 3, 7, 13
List the prime factors of 2031.
3, 677
What are the prime factors of 8623?
8623
What are the prime factors of 2800?
2, 5, 7
List the prime factors of 10446.
2, 3, 1741
What are the prime factors of 38848?
2, 607
List the prime factors of 24078.
2, 3, 4013
What are the prime factors of 1904?
2, 7, 17
List the prime factors of 3349.
17, 197
List the prime factors of 1024.
2
List the prime factors of 5117.
7, 17, 43
List the prime factors of 7593.
3, 2531
What are the prime factors of 1256?
2, 157
List the prime factors of 8057.
7, 1151
What are the prime factors of 8492?
2, 11, 193
What are the prime factors of 3397?
43, 79
What are the prime factors of 86?
2, 43
What are the prime factors of 4993?
4993
List the prime factors of 9980.
2, 5, 499
List the prime factors of 1655.
5, 331
List the prime factors of 643.
643
What are the prime factors of 3381?
3, 7, 23
List the prime factors of 21313.
21313
What are the prime factors of 84828?
2, 3, 7069
List the prime factors of 27315.
3, 5, 607
What are the prime factors of 3365?
5, 673
List the prime factors of 79266.
2, 3, 11, 1201
List the prime factors of 2074.
2, 17, 61
List the prime factors of 83861.
17, 4933
What are the prime factors of 7618?
2, 13, 293
List the prime factors of 38437.
7, 17, 19
List the prime factors of 22249.
19, 1171
List the prime factors of 9215.
5, 19, 97
What are the prime factors of 119378?
2, 7, 8527
What are the prime factors of 1252?
2, 313
List the prime factors of 111797.
7, 15971
What are the prime factors of 57126?
2, 3, 9521
What are the prime factors of 7358?
2, 13, 283
What are the prime factors of 98334?
2, 3, 607
List the prime factors of 242.
2, 11
List the prime factors of 5117.
7, 17, 43
What are the prime factors of 78812?
2, 17, 19, 61
List the prime factors of 901.
17, 53
List the prime factors of 245.
5, 7
List the prime factors of 934.
2, 467
What are the prime factors of 91942?
2, 45971
List the prime factors of 19919.
19919
List the prime factors of 30154.
2, 15077
List the prime factors of 88620.
2, 3, 5, 7, 211
What are the prime factors of 42044?
2, 23, 457
List the prime factors of 9871.
9871
What are the prime factors of 1457?
31, 47
List the prime factors of 65595.
3, 5, 4373
What are the prime factors of 25304?
2, 3163
List the prime factors of 415.
5, 83
What are the prime factors of 74?
2, 37
List the prime factors of 6909.
3, 7, 47
List the prime factors of 45979.
45979
List the prime factors of 1416.
2, 3, 59
List the prime factors of 61374.
2, 3, 53, 193
What are the prime factors of 57373?
57373
What are the prime factors of 590?
2, 5, 59
What are the prime factors of 1203?
3, 401
What are the prime factors of 132635?
5, 41, 647
What are the prime factors of 36539?
61, 599
List the prime factors of 2830.
2, 5, 283
List the prime factors of 7551.
3, 839
List the prime factors of 594.
2, 3, 11
List the prime factors of 1545.
3, 5, 103
List the prime factors of 667.
23, 29
List the prime factors of 2895.
3, 5, 193
List the prime factors of 865.
5, 173
What are the prime factors of 126?
2, 3, 7
What are the prime factors of 70795?
5, 14159
List the prime factors of 3091.
11, 281
List the prime factors of 6710.
2, 5, 11, 61
List the prime factors of 1598.
2, 17, 47
What are the prime factors of 2719?
2719
What are the prime factors of 1598?
2, 17, 47
What are the prime factors of 19650?
2, 3, 5, 131
List the prime factors of 609.
3, 7, 29
What are the prime factors of 855?
3, 5, 19
List the prime factors of 3172.
2, 13, 61
What are the prime factors of 35?
5, 7
What are the prime factors of 79?
79
What are the prime factors of 973?
7, 139
List the prime factors of 19517.
29, 673
List the prime factors of 3143.
7, 449
What are the prime factors of 25?
5
List the prime factors of 2813.
29, 97
List the prime factors of 2309.
2309
List the prime factors of 459.
3, 17
What are the prime factors of 63?
3, 7
List the prime factors of 80328.
2, 3, 3347
List the prime factors of 19246.
2, 9623
What are the prime factors of 12792?
2, 3, 13, 41
What are the prime factors of 8656?
2, 541
List the prime factors of 69205.
5, 13841
List the prime factors of 16052.
2, 4013
List the prime factors of 629.
17, 37
List the prime factors of 426.
2, 3, 71
List the prime factors of 7473.
3, 47, 53
What are the prime factors of 95650?
2, 5, 1913
What are the prime factors of 2491?
47, 53
What are the prime factors of 1726?
2, 863
What are the prime factors of 454?
2, 227
What are the prime factors of 3412?
2, 853
What are the prime factors of 136975?
5, 5479
List the prime factors of 193.
193
What are the prime factors of 171224?
2, 17, 1259
What are the prime factors of 1228?
2, 307
What are the prime factors of 5033?
7, 719
List the prime factors of 1298.
2, 11, 59
List the prime factors of 11675.
5, 467
What are the prime factors of 15447?
3, 19, 271
What are the prime factors of 285?
3, 5, 19
List the prime factors of 20961.
3, 17, 137
What are the prime factors of 14448?
2, 3, 7, 43
List the prime factors of 3579.
3, 1193
What are the prime factors of 6352?
2, 397
List the prime factors of 36043.
7, 19, 271
List the prime factors of 173.
173
What are the prime factors of 1114?
2, 557
What are the prime factors of 15051?
3, 29, 173
What are the prime factors of 2264?
2, 283
What are the prime factors of 50864?
2, 11, 17
List the prime factors of 91.
7, 13
List the prime factors of 856.
2, 107
What are the prime factors of 2404?
2, 601
List the prime factors of 15720.
2, 3, 5, 131
List the prime factors of 10538.
2, 11, 479
What are the prime factors of 339?
3, 113
What are the prime factors of 5142?
2, 3, 857
What are the prime factors of 13716?
2, 3, 127
List the prime factors of 205.
5, 41
What are the prime factors of 54383?
7, 17, 457
List the prime factors of 9673.
17, 569
What are the prime factors of 4446?
2, 3, 13, 19
List the prime factors of 41313.
3, 47, 293
What are the prime factors of 2926?
2, 7, 11, 19
List the prime factors of 202.
2, 101
What are the prime factors of 72053?
72053
What are the prime factors of 12805?
5, 13, 197
List the prime factors of 2942.
2, 1471
What are the prime factors of 5094?
2, 3, 283
What are the prime factors of 14258?
2, 7129
What are the prime factors of 59004?
2, 3, 11, 149
What are the prime factors of 866?
2, 433
What are the prime factors of 2427?
3, 809
What are the prime factors of 2892?
2, 3, 241
List the prime factors of 21491.
21491
What are the prime factors of 7491?
3, 11, 227
List the prime factors of 903.
3, 7, 43
List the prime factors of 3062.
2, 1531
What are the prime factors of 19471?
19471
What are the prime factors of 1279?
1279
List the prime factors of 1696.
2, 53
What are the prime factors of 20118?
2, 3, 7, 479
What are the prime factors of 3088?
2, 193
List the prime factors of 1301.
1301
What are the prime factors of 5301?
3, 19, 31
List the prime factors of 1084.
2, 271
List the prime factors of 5311.
47, 113
What are the prime factors of 1626?
2, 3, 271
What are the prime factors of 7309?
7309
List the prime factors of 17.
17
What are the prime factors of 88783?
47, 1889
List the prime factors of 643.
643
What are the prime factors of 1096?
2, 137
List the prime factors of 2311.
2311
List the prime factors of 52165.
5, 10433
What are the prime factors of 7490?
2, 5, 7, 107
What are the prime factors of 8805?
3, 5, 587
What are the prime factors of 3769?
3769
List the prime factors of 89.
89
List the prime factors of 121825.
5, 11, 443
List the prime factors of 7124.
2, 13, 137
What are the prime factors of 174202?
2, 7, 23, 541
List the prime factors of 52298.
2, 79, 331
What are the prime factors of 23252?
2, 5813
List the prime factors of 63163.
83, 761
What are the prime factors of 1998?
2, 3, 37
What are the prime factors of 1576?
2, 197
What are the prime factors of 126080?
2, 5, 197
What are the prime factors of 15751?
19, 829
List the prime factors of 129.
3, 43
What are the prime factors of 26197?
17, 23, 67
What are the pr